{"id":368,"date":"2016-05-05T21:08:49","date_gmt":"2016-05-05T21:08:49","guid":{"rendered":"https:\/\/oceanwp.org\/sport\/?page_id=68"},"modified":"2021-05-17T15:33:08","modified_gmt":"2021-05-17T13:33:08","slug":"contact-us","status":"publish","type":"page","link":"https:\/\/somarketing.ovh\/index.php\/contact-us\/","title":{"rendered":"Contactez-moi"},"content":{"rendered":"\t\t<div data-elementor-type=\"wp-post\" data-elementor-id=\"368\" class=\"elementor elementor-368\">\n\t\t\t\t\t\t\t\t\t<section class=\"elementor-section elementor-top-section elementor-element elementor-element-412efcc elementor-section-boxed elementor-section-height-default elementor-section-height-default\" data-id=\"412efcc\" data-element_type=\"section\">\n\t\t\t\t\t\t<div class=\"elementor-container elementor-column-gap-default\">\n\t\t\t\t\t<div class=\"elementor-column elementor-col-100 elementor-top-column elementor-element elementor-element-4c5f3a5\" data-id=\"4c5f3a5\" data-element_type=\"column\">\n\t\t\t<div class=\"elementor-widget-wrap elementor-element-populated\">\n\t\t\t\t\t\t\t\t<div class=\"elementor-element elementor-element-156891a elementor-widget elementor-widget-heading\" data-id=\"156891a\" data-element_type=\"widget\" data-widget_type=\"heading.default\">\n\t\t\t\t<div class=\"elementor-widget-container\">\n\t\t\t<h2 class=\"elementor-heading-title elementor-size-default\">Contactez-moi<\/h2>\t\t<\/div>\n\t\t\t\t<\/div>\n\t\t\t\t\t<\/div>\n\t\t<\/div>\n\t\t\t\t\t\t\t<\/div>\n\t\t<\/section>\n\t\t\t\t<section class=\"elementor-section elementor-top-section elementor-element elementor-element-4b01319 elementor-section-boxed elementor-section-height-default elementor-section-height-default\" data-id=\"4b01319\" data-element_type=\"section\">\n\t\t\t\t\t\t<div class=\"elementor-container elementor-column-gap-default\">\n\t\t\t\t\t<div class=\"elementor-column elementor-col-50 elementor-top-column elementor-element elementor-element-188b5e4\" data-id=\"188b5e4\" data-element_type=\"column\">\n\t\t\t<div class=\"elementor-widget-wrap elementor-element-populated\">\n\t\t\t\t\t\t\t\t<div class=\"elementor-element elementor-element-149b920 elementor-widget elementor-widget-heading\" data-id=\"149b920\" data-element_type=\"widget\" data-widget_type=\"heading.default\">\n\t\t\t\t<div class=\"elementor-widget-container\">\n\t\t\t<h2 class=\"elementor-heading-title elementor-size-default\">APPELEZ  MOI<\/h2>\t\t<\/div>\n\t\t\t\t<\/div>\n\t\t\t\t<div class=\"elementor-element elementor-element-652c5cb elementor-widget elementor-widget-text-editor\" data-id=\"652c5cb\" data-element_type=\"widget\" data-widget_type=\"text-editor.default\">\n\t\t\t\t<div class=\"elementor-widget-container\">\n\t\t\t\t\t\t\t<p>0615521569<\/p>\t\t\t\t\t\t<\/div>\n\t\t\t\t<\/div>\n\t\t\t\t\t<\/div>\n\t\t<\/div>\n\t\t\t\t<div class=\"elementor-column elementor-col-50 elementor-top-column elementor-element elementor-element-de21411\" data-id=\"de21411\" data-element_type=\"column\">\n\t\t\t<div class=\"elementor-widget-wrap elementor-element-populated\">\n\t\t\t\t\t\t\t\t<div class=\"elementor-element elementor-element-4990f84 elementor-widget elementor-widget-heading\" data-id=\"4990f84\" data-element_type=\"widget\" data-widget_type=\"heading.default\">\n\t\t\t\t<div class=\"elementor-widget-container\">\n\t\t\t<h2 class=\"elementor-heading-title elementor-size-default\">ENVOYEZ  MOI\u200b UN EMAIL<\/h2>\t\t<\/div>\n\t\t\t\t<\/div>\n\t\t\t\t<div class=\"elementor-element elementor-element-94f41fe elementor-widget elementor-widget-text-editor\" data-id=\"94f41fe\" data-element_type=\"widget\" data-widget_type=\"text-editor.default\">\n\t\t\t\t<div class=\"elementor-widget-container\">\n\t\t\t\t\t\t\t<p>contact@gmail.com<\/p>\t\t\t\t\t\t<\/div>\n\t\t\t\t<\/div>\n\t\t\t\t\t<\/div>\n\t\t<\/div>\n\t\t\t\t\t\t\t<\/div>\n\t\t<\/section>\n\t\t\t\t<section class=\"elementor-section elementor-top-section elementor-element elementor-element-479ea93 elementor-section-boxed elementor-section-height-default elementor-section-height-default\" data-id=\"479ea93\" data-element_type=\"section\">\n\t\t\t\t\t\t<div class=\"elementor-container elementor-column-gap-default\">\n\t\t\t\t\t<div class=\"elementor-column elementor-col-100 elementor-top-column elementor-element elementor-element-d1aac69\" data-id=\"d1aac69\" data-element_type=\"column\">\n\t\t\t<div class=\"elementor-widget-wrap elementor-element-populated\">\n\t\t\t\t\t\t\t\t<div class=\"elementor-element elementor-element-bed0512 elementor-widget elementor-widget-heading\" data-id=\"bed0512\" data-element_type=\"widget\" data-widget_type=\"heading.default\">\n\t\t\t\t<div class=\"elementor-widget-container\">\n\t\t\t<h2 class=\"elementor-heading-title elementor-size-small\">Vous souhaitez en savoir plus sur mes prestations et conna\u00eetre mes tarifs ?<\/h2>\t\t<\/div>\n\t\t\t\t<\/div>\n\t\t\t\t\t<\/div>\n\t\t<\/div>\n\t\t\t\t\t\t\t<\/div>\n\t\t<\/section>\n\t\t\t\t<section class=\"elementor-section elementor-top-section elementor-element elementor-element-2aaabef elementor-section-boxed elementor-section-height-default elementor-section-height-default\" data-id=\"2aaabef\" data-element_type=\"section\">\n\t\t\t\t\t\t<div class=\"elementor-container elementor-column-gap-default\">\n\t\t\t\t\t<div class=\"elementor-column elementor-col-100 elementor-top-column elementor-element elementor-element-d0b024c\" data-id=\"d0b024c\" data-element_type=\"column\">\n\t\t\t<div class=\"elementor-widget-wrap elementor-element-populated\">\n\t\t\t\t\t\t\t\t<div class=\"elementor-element elementor-element-530cffc elementor-widget elementor-widget-text-editor\" data-id=\"530cffc\" data-element_type=\"widget\" data-widget_type=\"text-editor.default\">\n\t\t\t\t<div class=\"elementor-widget-container\">\n\t\t\t\t\t\t\t<p>\u00a0Dites-moi tout en utilisant le formulaire de contact ci-dessous, je vous r\u00e9pondrais sous 2 \u00e0 3 jours ouvrables<\/p>\t\t\t\t\t\t<\/div>\n\t\t\t\t<\/div>\n\t\t\t\t\t<\/div>\n\t\t<\/div>\n\t\t\t\t\t\t\t<\/div>\n\t\t<\/section>\n\t\t\t\t<section class=\"elementor-section elementor-top-section elementor-element elementor-element-502e8bc elementor-section-boxed elementor-section-height-default elementor-section-height-default\" data-id=\"502e8bc\" data-element_type=\"section\">\n\t\t\t\t\t\t<div class=\"elementor-container elementor-column-gap-default\">\n\t\t\t\t\t<div class=\"elementor-column elementor-col-100 elementor-top-column elementor-element elementor-element-36d81b9\" data-id=\"36d81b9\" data-element_type=\"column\">\n\t\t\t<div class=\"elementor-widget-wrap elementor-element-populated\">\n\t\t\t\t\t\t\t\t<div class=\"elementor-element elementor-element-5ff197b elementor-view-default elementor-widget elementor-widget-icon\" data-id=\"5ff197b\" data-element_type=\"widget\" data-widget_type=\"icon.default\">\n\t\t\t\t<div class=\"elementor-widget-container\">\n\t\t\t\t\t<div class=\"elementor-icon-wrapper\">\n\t\t\t<div class=\"elementor-icon\">\n\t\t\t<i aria-hidden=\"true\" class=\"fas fa-star\"><\/i>\t\t\t<\/div>\n\t\t<\/div>\n\t\t\t\t<\/div>\n\t\t\t\t<\/div>\n\t\t\t\t\t<\/div>\n\t\t<\/div>\n\t\t\t\t\t\t\t<\/div>\n\t\t<\/section>\n\t\t\t\t<section class=\"elementor-section elementor-top-section elementor-element elementor-element-382d46f elementor-section-boxed elementor-section-height-default elementor-section-height-default\" data-id=\"382d46f\" data-element_type=\"section\">\n\t\t\t\t\t\t<div class=\"elementor-container elementor-column-gap-default\">\n\t\t\t\t\t<div class=\"elementor-column elementor-col-100 elementor-top-column elementor-element elementor-element-8d4a00b\" data-id=\"8d4a00b\" data-element_type=\"column\">\n\t\t\t<div class=\"elementor-widget-wrap elementor-element-populated\">\n\t\t\t\t\t\t\t\t<div class=\"elementor-element elementor-element-cc4417a elementor-widget elementor-widget-wpforms\" data-id=\"cc4417a\" data-element_type=\"widget\" data-widget_type=\"wpforms.default\">\n\t\t\t\t<div class=\"elementor-widget-container\">\n\t\t\t<div class=\"wpforms-container wpforms-container-full\" id=\"wpforms-584\"><form id=\"wpforms-form-584\" class=\"wpforms-validate wpforms-form\" data-formid=\"584\" method=\"post\" enctype=\"multipart\/form-data\" action=\"\/index.php\/wp-json\/wp\/v2\/pages\/368\" data-token=\"ed5b5e99dd2cfd2ff472a2aa5ab4a2f9\"><noscript class=\"wpforms-error-noscript\">Veuillez activer JavaScript dans votre navigateur pour remplir ce formulaire.<\/noscript><div class=\"wpforms-field-container\"><div id=\"wpforms-584-field_0-container\" class=\"wpforms-field wpforms-field-name\" data-field-id=\"0\"><label class=\"wpforms-field-label\" for=\"wpforms-584-field_0\">Nom <span class=\"wpforms-required-label\">*<\/span><\/label><div class=\"wpforms-field-row wpforms-field-medium\"><div class=\"wpforms-field-row-block wpforms-first wpforms-one-half\"><input type=\"text\" id=\"wpforms-584-field_0\" class=\"wpforms-field-name-first wpforms-field-required\" name=\"wpforms[fields][0][first]\" required><label for=\"wpforms-584-field_0\" class=\"wpforms-field-sublabel after \">Pr\u00e9nom<\/label><\/div><div class=\"wpforms-field-row-block wpforms-one-half\"><input type=\"text\" id=\"wpforms-584-field_0-last\" class=\"wpforms-field-name-last wpforms-field-required\" name=\"wpforms[fields][0][last]\" required><label for=\"wpforms-584-field_0-last\" class=\"wpforms-field-sublabel after \">Nom<\/label><\/div><\/div><\/div><div id=\"wpforms-584-field_1-container\" class=\"wpforms-field wpforms-field-email\" data-field-id=\"1\"><label class=\"wpforms-field-label\" for=\"wpforms-584-field_1\">E-mail <span class=\"wpforms-required-label\">*<\/span><\/label><input type=\"email\" id=\"wpforms-584-field_1\" class=\"wpforms-field-medium wpforms-field-required\" name=\"wpforms[fields][1]\" required><\/div><div id=\"wpforms-584-field_2-container\" class=\"wpforms-field wpforms-field-textarea\" data-field-id=\"2\"><label class=\"wpforms-field-label\" for=\"wpforms-584-field_2\">Commentaire ou message <span class=\"wpforms-required-label\">*<\/span><\/label><textarea id=\"wpforms-584-field_2\" class=\"wpforms-field-medium wpforms-field-required\" name=\"wpforms[fields][2]\" required><\/textarea><\/div><\/div><div class=\"wpforms-submit-container\"><input type=\"hidden\" name=\"wpforms[id]\" value=\"584\"><input type=\"hidden\" name=\"wpforms[author]\" value=\"1\"><button type=\"submit\" name=\"wpforms[submit]\" id=\"wpforms-submit-584\" class=\"wpforms-submit\" data-alt-text=\"Envoi...\" data-submit-text=\"Envoyer\" aria-live=\"assertive\" value=\"wpforms-submit\">Envoyer<\/button><\/div><\/form><\/div>  <!-- .wpforms-container -->\t\t<\/div>\n\t\t\t\t<\/div>\n\t\t\t\t\t<\/div>\n\t\t<\/div>\n\t\t\t\t\t\t\t<\/div>\n\t\t<\/section>\n\t\t\t\t\t\t\t<\/div>\n\t\t","protected":false},"excerpt":{"rendered":"<p>Contactez-moi APPELEZ MOI 0615521569 ENVOYEZ MOI\u200b UN EMAIL contact@gmail.com Vous souhaitez en savoir plus sur mes prestations et conna\u00eetre mes tarifs ? &nbsp;Dites-moi tout en utilisant le formulaire de contact ci-dessous, je vous r\u00e9pondrais sous 2 \u00e0 3 jours ouvrables<\/p>\n","protected":false},"author":1,"featured_media":0,"parent":0,"menu_order":0,"comment_status":"closed","ping_status":"closed","template":"","meta":[],"yoast_head":"<!-- This site is optimized with the Yoast SEO plugin v19.10 - https:\/\/yoast.com\/wordpress\/plugins\/seo\/ -->\n<title>Contactez-moi | Somarketing<\/title>\n<meta name=\"robots\" content=\"index, follow, max-snippet:-1, max-image-preview:large, max-video-preview:-1\" \/>\n<link rel=\"canonical\" href=\"https:\/\/somarketing.ovh\/index.php\/contact-us\/\" \/>\n<meta property=\"og:locale\" content=\"fr_FR\" \/>\n<meta property=\"og:type\" content=\"article\" \/>\n<meta property=\"og:title\" content=\"Contactez-moi | Somarketing\" \/>\n<meta property=\"og:description\" content=\"Contactez-moi APPELEZ MOI 0615521569 ENVOYEZ MOI\u200b UN EMAIL contact@gmail.com Vous souhaitez en savoir plus sur mes prestations et conna\u00eetre mes tarifs ? &nbsp;Dites-moi tout en utilisant le formulaire de contact ci-dessous, je vous r\u00e9pondrais sous 2 \u00e0 3 jours ouvrables\" \/>\n<meta property=\"og:url\" content=\"https:\/\/somarketing.ovh\/index.php\/contact-us\/\" \/>\n<meta property=\"og:site_name\" content=\"Somarketing\" \/>\n<meta property=\"article:modified_time\" content=\"2021-05-17T13:33:08+00:00\" \/>\n<meta name=\"twitter:card\" content=\"summary_large_image\" \/>\n<meta name=\"twitter:label1\" content=\"Dur\u00e9e de lecture estim\u00e9e\" \/>\n\t<meta name=\"twitter:data1\" content=\"1 minute\" \/>\n<script type=\"application\/ld+json\" class=\"yoast-schema-graph\">{\"@context\":\"https:\/\/schema.org\",\"@graph\":[{\"@type\":\"WebPage\",\"@id\":\"https:\/\/somarketing.ovh\/index.php\/contact-us\/\",\"url\":\"https:\/\/somarketing.ovh\/index.php\/contact-us\/\",\"name\":\"Contactez-moi | Somarketing\",\"isPartOf\":{\"@id\":\"https:\/\/somarketing.ovh\/#website\"},\"datePublished\":\"2016-05-05T21:08:49+00:00\",\"dateModified\":\"2021-05-17T13:33:08+00:00\",\"breadcrumb\":{\"@id\":\"https:\/\/somarketing.ovh\/index.php\/contact-us\/#breadcrumb\"},\"inLanguage\":\"fr-FR\",\"potentialAction\":[{\"@type\":\"ReadAction\",\"target\":[\"https:\/\/somarketing.ovh\/index.php\/contact-us\/\"]}]},{\"@type\":\"BreadcrumbList\",\"@id\":\"https:\/\/somarketing.ovh\/index.php\/contact-us\/#breadcrumb\",\"itemListElement\":[{\"@type\":\"ListItem\",\"position\":1,\"name\":\"Accueil\",\"item\":\"https:\/\/somarketing.ovh\/\"},{\"@type\":\"ListItem\",\"position\":2,\"name\":\"Contactez-moi\"}]},{\"@type\":\"WebSite\",\"@id\":\"https:\/\/somarketing.ovh\/#website\",\"url\":\"https:\/\/somarketing.ovh\/\",\"name\":\"Somarketing\",\"description\":\"cr\u00e9ateur de valeur\",\"publisher\":{\"@id\":\"https:\/\/somarketing.ovh\/#\/schema\/person\/885fa5910706df3ecdb1067633bbb27a\"},\"potentialAction\":[{\"@type\":\"SearchAction\",\"target\":{\"@type\":\"EntryPoint\",\"urlTemplate\":\"https:\/\/somarketing.ovh\/?s={search_term_string}\"},\"query-input\":\"required name=search_term_string\"}],\"inLanguage\":\"fr-FR\"},{\"@type\":[\"Person\",\"Organization\"],\"@id\":\"https:\/\/somarketing.ovh\/#\/schema\/person\/885fa5910706df3ecdb1067633bbb27a\",\"name\":\"admin1823\",\"image\":{\"@type\":\"ImageObject\",\"inLanguage\":\"fr-FR\",\"@id\":\"https:\/\/somarketing.ovh\/#\/schema\/person\/image\/\",\"url\":\"https:\/\/somarketing.ovh\/wp-content\/uploads\/2021\/05\/2ND-SOMARKETING.BLANC_.png\",\"contentUrl\":\"https:\/\/somarketing.ovh\/wp-content\/uploads\/2021\/05\/2ND-SOMARKETING.BLANC_.png\",\"width\":500,\"height\":500,\"caption\":\"admin1823\"},\"logo\":{\"@id\":\"https:\/\/somarketing.ovh\/#\/schema\/person\/image\/\"},\"sameAs\":[\"http:\/\/somarketing.ovh\"]}]}<\/script>\n<!-- \/ Yoast SEO plugin. -->","yoast_head_json":{"title":"Contactez-moi | Somarketing","robots":{"index":"index","follow":"follow","max-snippet":"max-snippet:-1","max-image-preview":"max-image-preview:large","max-video-preview":"max-video-preview:-1"},"canonical":"https:\/\/somarketing.ovh\/index.php\/contact-us\/","og_locale":"fr_FR","og_type":"article","og_title":"Contactez-moi | Somarketing","og_description":"Contactez-moi APPELEZ MOI 0615521569 ENVOYEZ MOI\u200b UN EMAIL contact@gmail.com Vous souhaitez en savoir plus sur mes prestations et conna\u00eetre mes tarifs ? &nbsp;Dites-moi tout en utilisant le formulaire de contact ci-dessous, je vous r\u00e9pondrais sous 2 \u00e0 3 jours ouvrables","og_url":"https:\/\/somarketing.ovh\/index.php\/contact-us\/","og_site_name":"Somarketing","article_modified_time":"2021-05-17T13:33:08+00:00","twitter_card":"summary_large_image","twitter_misc":{"Dur\u00e9e de lecture estim\u00e9e":"1 minute"},"schema":{"@context":"https:\/\/schema.org","@graph":[{"@type":"WebPage","@id":"https:\/\/somarketing.ovh\/index.php\/contact-us\/","url":"https:\/\/somarketing.ovh\/index.php\/contact-us\/","name":"Contactez-moi | Somarketing","isPartOf":{"@id":"https:\/\/somarketing.ovh\/#website"},"datePublished":"2016-05-05T21:08:49+00:00","dateModified":"2021-05-17T13:33:08+00:00","breadcrumb":{"@id":"https:\/\/somarketing.ovh\/index.php\/contact-us\/#breadcrumb"},"inLanguage":"fr-FR","potentialAction":[{"@type":"ReadAction","target":["https:\/\/somarketing.ovh\/index.php\/contact-us\/"]}]},{"@type":"BreadcrumbList","@id":"https:\/\/somarketing.ovh\/index.php\/contact-us\/#breadcrumb","itemListElement":[{"@type":"ListItem","position":1,"name":"Accueil","item":"https:\/\/somarketing.ovh\/"},{"@type":"ListItem","position":2,"name":"Contactez-moi"}]},{"@type":"WebSite","@id":"https:\/\/somarketing.ovh\/#website","url":"https:\/\/somarketing.ovh\/","name":"Somarketing","description":"cr\u00e9ateur de valeur","publisher":{"@id":"https:\/\/somarketing.ovh\/#\/schema\/person\/885fa5910706df3ecdb1067633bbb27a"},"potentialAction":[{"@type":"SearchAction","target":{"@type":"EntryPoint","urlTemplate":"https:\/\/somarketing.ovh\/?s={search_term_string}"},"query-input":"required name=search_term_string"}],"inLanguage":"fr-FR"},{"@type":["Person","Organization"],"@id":"https:\/\/somarketing.ovh\/#\/schema\/person\/885fa5910706df3ecdb1067633bbb27a","name":"admin1823","image":{"@type":"ImageObject","inLanguage":"fr-FR","@id":"https:\/\/somarketing.ovh\/#\/schema\/person\/image\/","url":"https:\/\/somarketing.ovh\/wp-content\/uploads\/2021\/05\/2ND-SOMARKETING.BLANC_.png","contentUrl":"https:\/\/somarketing.ovh\/wp-content\/uploads\/2021\/05\/2ND-SOMARKETING.BLANC_.png","width":500,"height":500,"caption":"admin1823"},"logo":{"@id":"https:\/\/somarketing.ovh\/#\/schema\/person\/image\/"},"sameAs":["http:\/\/somarketing.ovh"]}]}},"_links":{"self":[{"href":"https:\/\/somarketing.ovh\/index.php\/wp-json\/wp\/v2\/pages\/368"}],"collection":[{"href":"https:\/\/somarketing.ovh\/index.php\/wp-json\/wp\/v2\/pages"}],"about":[{"href":"https:\/\/somarketing.ovh\/index.php\/wp-json\/wp\/v2\/types\/page"}],"author":[{"embeddable":true,"href":"https:\/\/somarketing.ovh\/index.php\/wp-json\/wp\/v2\/users\/1"}],"replies":[{"embeddable":true,"href":"https:\/\/somarketing.ovh\/index.php\/wp-json\/wp\/v2\/comments?post=368"}],"version-history":[{"count":41,"href":"https:\/\/somarketing.ovh\/index.php\/wp-json\/wp\/v2\/pages\/368\/revisions"}],"predecessor-version":[{"id":1129,"href":"https:\/\/somarketing.ovh\/index.php\/wp-json\/wp\/v2\/pages\/368\/revisions\/1129"}],"wp:attachment":[{"href":"https:\/\/somarketing.ovh\/index.php\/wp-json\/wp\/v2\/media?parent=368"}],"curies":[{"name":"wp","href":"https:\/\/api.w.org\/{rel}","templated":true}]}}